{"id":465,"date":"2026-03-04T23:30:10","date_gmt":"2026-03-04T23:30:10","guid":{"rendered":"https:\/\/3dfilaments.dk\/?post_type=product&#038;p=465"},"modified":"2026-03-04T23:31:39","modified_gmt":"2026-03-04T23:31:39","slug":"kingroon-pla-filament-175-mm-pla-3d-printerfilament-dimensionsnoejagtighed-003-mm-soelv-pla","status":"publish","type":"product","link":"https:\/\/3dfilaments.dk\/index.php\/vare\/kingroon-pla-filament-175-mm-pla-3d-printerfilament-dimensionsnoejagtighed-003-mm-soelv-pla\/","title":{"rendered":"Kingroon PLA Filament 1,75 mm, PLA 3D-printerfilament dimensionsn\u00f8jagtighed +\/- 0,03 mm, &#8211; S\u00f8lv PLA"},"content":{"rendered":"<p><span class=\"a-list-item\">PLA filament milj\u00f8venlig: Lavet af st\u00e6rke r\u00e5materialer fra b\u00e6redygtige planteressourcer, bionedbrydelige og milj\u00f8venlige, ikke-giftige og lav holdbarhed.<br \/>\nUltimately produces carbon dioxid and water without polluting the environment<\/span><\/p>\n<p><span class=\"a-list-item\">MORE STURDY IMPROVED PLA FILAMENT Kingroon PLA filament 1,75 mm giver incredible printabilitet, optimeret printkvalitet, h\u00f8j ydeevne, lav krympning og fremragende lag vedh\u00e6ftning for at opfylde dit trykprojektrequirements med funktionelle dele med st\u00f8rre holdbarhed<\/span><\/p>\n<p><span class=\"a-list-item\">VACUUM SEALED PAKKE F\u00f8r pakning, t\u00f8r helt i 24 timer og vakuumforsegling med t\u00f8rring i en nylonpose.<br \/>\nAnbefalet PLA-filamentekstrudering\/dyse temperatur 215-220\u00b0C, seng 70\u00b0C, 100% milj\u00f8venlig<\/span><\/p>\n<p><span class=\"a-list-item\">Dimensiontolerance \u00b10,03 mm: Disse h\u00e5rde PLA-filamenter har meget stramme tolerancer. 1,75 mm diameter, 0,03 mm dimensionelt tilbeh\u00f8r.<br \/>\n1 kg spool (2,2 lbs), perfekt rundhed og meget stram diametertolerance, applikation.<br \/>\n330 meter filament p\u00e5 hver spool, let at bruge, minimal deformation, ingen lugt, ingen lugt, ingen luftbobler<\/span><\/p>\n<p><span class=\"a-list-item\">Kompatibel med de fleste FDM 3D-printere og 3D-penne: Takket v\u00e6re den h\u00f8je kvalitet inden for fremstillingspr\u00e6cision, det fungerer perfekt med alle popul\u00e6re 1,75 mm FDM 3D-printere<\/span><\/p>\n","protected":false},"excerpt":{"rendered":"<p>PLA filament milj\u00f8venlig: Lavet af st\u00e6rke r\u00e5materialer fra b\u00e6redygtige planteressourcer, bionedbrydelige og milj\u00f8venlige, ikke-giftige og lav holdbarhed. Ultimately produces carbon dioxid and water without polluting the environment MORE STURDY IMPROVED PLA FILAMENT Kingroon PLA filament 1,75 mm giver incredible printabilitet, optimeret printkvalitet, h\u00f8j ydeevne, lav krympning og fremragende lag vedh\u00e6ftning for at opfylde dit trykprojektrequirements [&hellip;]<\/p>\n","protected":false},"featured_media":466,"comment_status":"open","ping_status":"closed","template":"","meta":{"ocean_post_layout":"","ocean_both_sidebars_style":"","ocean_both_sidebars_content_width":0,"ocean_both_sidebars_sidebars_width":0,"ocean_sidebar":"0","ocean_second_sidebar":"0","ocean_disable_margins":"enable","ocean_add_body_class":"","ocean_shortcode_before_top_bar":"","ocean_shortcode_after_top_bar":"","ocean_shortcode_before_header":"","ocean_shortcode_after_header":"","ocean_has_shortcode":"","ocean_shortcode_after_title":"","ocean_shortcode_before_footer_widgets":"","ocean_shortcode_after_footer_widgets":"","ocean_shortcode_before_footer_bottom":"","ocean_shortcode_after_footer_bottom":"","ocean_display_top_bar":"default","ocean_display_header":"default","ocean_header_style":"","ocean_center_header_left_menu":"0","ocean_custom_header_template":"0","ocean_custom_logo":0,"ocean_custom_retina_logo":0,"ocean_custom_logo_max_width":0,"ocean_custom_logo_tablet_max_width":0,"ocean_custom_logo_mobile_max_width":0,"ocean_custom_logo_max_height":0,"ocean_custom_logo_tablet_max_height":0,"ocean_custom_logo_mobile_max_height":0,"ocean_header_custom_menu":"0","ocean_menu_typo_font_family":"0","ocean_menu_typo_font_subset":"","ocean_menu_typo_font_size":0,"ocean_menu_typo_font_size_tablet":0,"ocean_menu_typo_font_size_mobile":0,"ocean_menu_typo_font_size_unit":"px","ocean_menu_typo_font_weight":"","ocean_menu_typo_font_weight_tablet":"","ocean_menu_typo_font_weight_mobile":"","ocean_menu_typo_transform":"","ocean_menu_typo_transform_tablet":"","ocean_menu_typo_transform_mobile":"","ocean_menu_typo_line_height":0,"ocean_menu_typo_line_height_tablet":0,"ocean_menu_typo_line_height_mobile":0,"ocean_menu_typo_line_height_unit":"","ocean_menu_typo_spacing":0,"ocean_menu_typo_spacing_tablet":0,"ocean_menu_typo_spacing_mobile":0,"ocean_menu_typo_spacing_unit":"","ocean_menu_link_color":"","ocean_menu_link_color_hover":"","ocean_menu_link_color_active":"","ocean_menu_link_background":"","ocean_menu_link_hover_background":"","ocean_menu_link_active_background":"","ocean_menu_social_links_bg":"","ocean_menu_social_hover_links_bg":"","ocean_menu_social_links_color":"","ocean_menu_social_hover_links_color":"","ocean_disable_title":"default","ocean_disable_heading":"default","ocean_post_title":"","ocean_post_subheading":"","ocean_post_title_style":"","ocean_post_title_background_color":"","ocean_post_title_background":0,"ocean_post_title_bg_image_position":"","ocean_post_title_bg_image_attachment":"","ocean_post_title_bg_image_repeat":"","ocean_post_title_bg_image_size":"","ocean_post_title_height":0,"ocean_post_title_bg_overlay":0.5,"ocean_post_title_bg_overlay_color":"","ocean_disable_breadcrumbs":"default","ocean_breadcrumbs_color":"","ocean_breadcrumbs_separator_color":"","ocean_breadcrumbs_links_color":"","ocean_breadcrumbs_links_hover_color":"","ocean_display_footer_widgets":"default","ocean_display_footer_bottom":"default","ocean_custom_footer_template":"0"},"product_brand":[],"product_cat":[110,78],"product_tag":[114,104,111,117,113],"class_list":{"0":"post-465","1":"product","2":"type-product","3":"status-publish","4":"has-post-thumbnail","6":"product_cat-kingroon-pla-basic","7":"product_cat-filament","8":"product_tag-3d-printerfilament","9":"product_tag-filament","10":"product_tag-kingroon-pla-filamen","11":"product_tag-pink-pla","12":"product_tag-pla","14":"entry","15":"has-media","17":"first","18":"instock","19":"taxable","20":"shipping-taxable","21":"purchasable","22":"product-type-simple","23":"has-product-nav","24":"col","25":"span_1_of_3","26":"owp-content-center","27":"owp-thumbs-layout-horizontal","28":"owp-btn-normal","29":"owp-tabs-layout-horizontal","30":"has-no-thumbnails","32":"circle-sale"},"supplier_id":null,"supplier_sku":"","barcode":null,"atum_controlled":true,"out_stock_date":null,"out_stock_threshold":null,"inheritable":false,"inbound_stock":null,"stock_on_hold":0,"sold_today":0,"sales_last_days":0,"reserved_stock":null,"customer_returns":null,"warehouse_damage":null,"lost_in_post":null,"other_logs":null,"out_stock_days":0,"lost_sales":0,"has_location":false,"update_date":"2026-04-18T16:23:36","atum_locations":[],"atum_stock_status":"instock","restock_status":false,"low_stock_amount":"","sales_update_date":"2026-04-18T16:23:36","calc_backorders":null,"_links":{"self":[{"href":"https:\/\/3dfilaments.dk\/index.php\/wp-json\/wp\/v2\/product\/465","targetHints":{"allow":["GET"]}}],"collection":[{"href":"https:\/\/3dfilaments.dk\/index.php\/wp-json\/wp\/v2\/product"}],"about":[{"href":"https:\/\/3dfilaments.dk\/index.php\/wp-json\/wp\/v2\/types\/product"}],"replies":[{"embeddable":true,"href":"https:\/\/3dfilaments.dk\/index.php\/wp-json\/wp\/v2\/comments?post=465"}],"wp:featuredmedia":[{"embeddable":true,"href":"https:\/\/3dfilaments.dk\/index.php\/wp-json\/wp\/v2\/media\/466"}],"wp:attachment":[{"href":"https:\/\/3dfilaments.dk\/index.php\/wp-json\/wp\/v2\/media?parent=465"}],"wp:term":[{"taxonomy":"product_brand","embeddable":true,"href":"https:\/\/3dfilaments.dk\/index.php\/wp-json\/wp\/v2\/product_brand?post=465"},{"taxonomy":"product_cat","embeddable":true,"href":"https:\/\/3dfilaments.dk\/index.php\/wp-json\/wp\/v2\/product_cat?post=465"},{"taxonomy":"product_tag","embeddable":true,"href":"https:\/\/3dfilaments.dk\/index.php\/wp-json\/wp\/v2\/product_tag?post=465"}],"curies":[{"name":"wp","href":"https:\/\/api.w.org\/{rel}","templated":true}]}}